3 - 31*k**3 + 59*k**3 + k - 5*k**2. Determine b(1).
-3
Let a(x) be the second derivative of -x**4/12 + 5*x**3/6 - 5*x**2/2 + 5*x. Give a(6).
-11
Let t(y) = -5*y**2 + y - 1. Let s(q) = 15*q**2 - 4*q + 3. Let j(b) = b**2 - 7*b + 8. Let k be j(6). Let x = 0 + k. Let r(i) = x*s(i) + 7*t(i). Determine r(-1).
-5
Let c(b) = -b**3 + 7*b**2 + 8*b + 2. Suppose 19 + 5 = 3*h. Let i be c(h). Let k(x) = -4*x + 2. Give k(i).
-6
Let d be (-1 + 0 + 0)*-2. Suppose 17 - 7 = -d*v. Let j(y) be the third derivative of -y**6/120 - y**5/12 - y**4/8 - y**3/2 + 8*y**2. Give j(v).
12
Let u be (4/8)/(1*(-3)/24). Let g(c) = -c**3 - 3*c**2 + 3*c - 4. What is g(u)?
0
Let a be -50*(2 - (-24)/(-10)). Let u = 25 - a. Let i(b) = b**3 - 4*b**2 - 5*b - 2. Calculate i(u).
-2
Let n(u) = u**3 - 3*u**2 - 5*u + 6. Let z = -32 - -36. Calculate n(z).
2
Suppose 35 = -3*v - 5*x + 11, x + 12 = -3*v. Let s = v - -6. Suppose 13 = -4*c + s*q, -4*c + 1 = -2*q + 15. Let d(k) = k**2 + 4*k + 1. Calculate d(c).
1
Let s(n) be the first derivative of -n**2/2 - 6*n - 9. Let t be -1 + -1*2/2. Let u be (-1 + (-1)/t)*0. Calculate s(u).
-6
Let c(y) = -y**3 + 2*y**2 - 2*y. Suppose 13*f - 10*f - 6 = 0. What is c(f)?
-4
Let s(b) = b - 12. Let n = 15 + -11. Suppose n*g + 4*d = 0, 4*g = 2*d + 18 - 0. Let v = 3 + g. Give s(v).
-6
Let b = 19 - 24. Let t be ((-8)/24)/((-1)/15). Let n(c) = c - 6*c - t - 6*c**2 - c**3 + 0*c. Determine n(b).
-5
Suppose -3*d = -0*l - 4*l - 48, 3*d = -2*l + 30. Let z(n) = 2*n**2 + 8*n + d - 4*n - 9. Calculate z(-2).
3
Let l(g) = 4*g**2 + g - 2*g**3 + 0*g**2 + 3*g**3 - 3*g**2. Let v(a) = -4*a**3 - 5*a**2 - 5*a. Let j(q) = -3*l(q) - v(q). Give j(-2).
-4
Let s(b) = 12*b**2 - 11*b**2 - 1 + 1. Suppose p - 3*r = -2 - 10, 4*r - 16 = 3*p. Let i = 1 + p. What is s(i)?
1
Let n(u) = -44*u - 42*u + 81*u - 2 + 5. Give n(6).
-27
Let x(j) = -j**3 - j**2 - j + 2. Suppose 0*i = 2*i. What is x(i)?
2
Let s(r) be the first derivative of r**4/12 - 7*r**3/6 - r**2/2 - r - 2. Let u(g) be the first derivative of s(g). Calculate u(5).
-11
Let g(p) = 25*p + 17*p - p**2 + 2 - 49*p. Let f(j) = -6*j**2 - 1. Let x be f(-1). What is g(x)?
2
Let g(n) = -n**3 + 4*n**2 - 1. Let j(i) = -2*i**3 + 8*i**2 - 2. Let w(t) = -5*g(t) + 2*j(t). Calculate w(3).
-8
Let f(j) = -4*j + 36. Let y(d) = -d + 9. Let m(s) = -2*f(s) + 9*y(s). Give m(7).
2
Let z be 4/(-22) + 64/(-11). Let l(k) = -k**3 - 6*k**2 + 2*k + 9. Give l(z).
-3
Let b(z) = z**2 - 13*z + 9. Let j = -197 - -209. Determine b(j).
-3
Suppose 0 = -3*n + 4 + 2. Let u(s) = s**2 + s**3 + 3*s**2 - 3*s + 6 + n*s - s. Let w(v) = -v**3 - v - 5. Let q be w(0). Give u(q).
-9
Let s(b) = -3*b - 4. Let i = 10 + -6. Let x(c) = -c**2 - 2*c - 3. Let l(z) = i*x(z) - 3*s(z). Suppose -2*q + 1 = 3*y, 4 = 5*q + 9. Determine l(y).
-3
Let t be -1 + -1*(-12)/(-4). Let c(u) = -u**3 - 3*u**2 + 2*u - 3. Determine c(t).
5
Let i = 23 - 18. Let p(s) = 4*s - 3. What is p(i)?
17
Let c(o) be the first derivative of o**2/2 - 6*o - 5. Give c(5).
-1
Let g(l) be the second derivative of -l**3/3 - l**2 - l. Let s(t) = -5*t - 6. Let o be (1 - (-12)/4) + -12. Let j(d) = o*g(d) + 3*s(d). Give j(0).
-2
Let p(k) = k. Let n(g) = -g + 1. Let s(i) = -5*n(i) - 4*p(i). Let q = 56 - 28. Let y be 175/q - (-1)/(-4). Give s(y).
1
Let y be -1*(-5 - 1) + -2. Let q = y - 2. Let f(r) = -r**2 - r + 1. Let z(h) = -2*h**3 + 5*h**2 + 7*h - 7. Let g(o) = 4*f(o) + z(o). What is g(q)?
-9
Let j(f) = -10. Let b = -24 - -25. Let l(z) = z - 1. Let v(k) = b*j(k) - 2*l(k). Calculate v(-7).
6
Let x(a) = a + 2*a - 2*a**2 - 3*a. Let n be 2 - 3/2*2. Let y = n + 3. Determine x(y).
-8
Let x(j) be the first derivative of -j**3 + j - 4*j + 2*j**2 + 0 - 2. Suppose 5*y - 7 - 3 = 0. Calculate x(y).
-7
Let q(j) = 4*j**3 + j**2 - 6*j**2 - 3*j**3 + 5*j + 3. Suppose -2*a = -4 - 2. Let s = 7 - a. Give q(s).
7
Suppose -5*o - 17 = 2*x + 6, -3*o + 4*x + 7 = 0. Let v(z) = z. Let c(s) = 4*s. Let j(w) = 2*c(w) - 7*v(w). Determine j(o).
-3
Suppose k = 5*d - 5, -2*d + 4*k - 8 = 8. Let j(f) = -d - 2*f + 4*f - f. Determine j(2).
0
Let d be (1 - (4 - 1)) + -2. Let g(t) = -1 + 3*t - t**2 + 2 - 4*t. Let m(n) = 8*n**2 + 11*n - 10. Let j(u) = 6*g(u) + m(u). Calculate j(d).
8
Let l(n) = 3*n + 8. Let q(z) = -5*z - 15. Let c(t) = 7*l(t) + 4*q(t). Let i = -1 + 5. Determine c(i).
0
Let h(q) = q**3 + 4*q**2 - 3*q + 6. Let g be (4/(-5))/((-12)/90). Let r be 6/9 + (-22)/g. Let d be 27/(-6) + r/6. Calculate h(d).
-4
Let r(w) = 0 + w**2 - 2 - 2 - 4*w. Let g = -5 - -8. Suppose 0 = -4*n - s + 13, 4*n = -0*n + g*s + 25. Give r(n).
-4
Let q(n) = 0 - 2*n + n - n**2 + 0*n**2 - 1. Suppose 4*m + 2*o - 2 + 6 = 0, -3*m + 5*o + 10 = 0. What is q(m)?
-1
Suppose 4 = 4*a - 0. Let c(j) = 11*j**2 + j - 1. Give c(a).
11
Suppose 3*c - 4*c = -2. Let r(f) = 3*f**c + 1 - 5*f - 2*f**2 + 5*f. Give r(-2).
5
Suppose p = 3*p + 10. Let n(u) = u**2 - u + 11*u - 4*u + 0*u**2 + 7. Calculate n(p).
2
Let x(f) = -25*f + 42*f - 9 - 20*f. What is x(-6)?
9
Let v(f) = -6*f**3 - 6*f**2 - 5*f - 4. Let r(m) = -5*m**3 - 5*m**2 - 4*m - 3. Let w(d) = -7*r(d) + 6*v(d). Give w(-2).
5
Let q(c) = c**3 - 8*c**2 + 6*c + 5. Let m be q(7). Let j(v) = -v**2 - 4*v - 1. Calculate j(m).
3
Suppose -4 = 3*r + r. Let x be r + 1*(2 + 1). Let o(w) = 0*w + x - 3*w + 1 + w. Determine o(-3).
9
Let n(u) = -u - 29 - 28 + 50. Give n(9).
-16
Let a(o) be the third derivative of -o**6/120 - o**4/24 - o**3/3 - 18*o**2. Let m(b) = b + 1. Let k be m(-3). Determine a(k).
8
Let l(i) = -i**3 + 2*i**2 - i + 1. Let q be ((-2 + -1)/(12/16))/(-2). Give l(q).
-1
Let a(u) = 8*u + 1. Let h(q) = 15*q + 2. Let y(n) = 2*n + 11. Let v be y(0). Let c(z) = v*a(z) - 6*h(z). What is c(1)?
-3
Let k(m) = m**3 + 3*m**2 - 6*m - 1. Suppose 3*b + 14 = 2. What is k(b)?
7
Let k(l) = l**3 + 2*l**2 - 1. Let g = 7 - 8. Determine k(g).
0
Let r(n) = 19*n - 36*n + 0*n**2 + n**2 + 1 + 16*n. What is r(-2)?
7
Let w(g) be the second derivative of g**7/2520 - g**6/720 + g**5/120 - g**4/12 - g. Let p(i) be the third derivative of w(i). Let z = 79 + -79. Give p(z).
1
Let x(t) = t**3 + 2*t**2 - t + 1. Suppose 0*d + 4*o = -5*d - 27, 3*d - 2*o = -3. Calculate x(d).
-5
Let h(d) = -d**3 - 3*d**2 - 2*d. Let b = 1 - 1. Suppose b = -3*l - l + 20. Suppose g = 3 - l. Determine h(g).
0
Let n(i) = 8*i**3 + 4*i**2 - 15*i + 20. Let g(f) = 3*f**3 + f**2 - 5*f + 7. Suppose 41 = 4*a - 3. Let d = -22 + a. Let u(p) = d*g(p) + 4*n(p). Calculate u(4).
-1
Suppose 0 = -v + 2*y - 3, -v + 4*v - 27 = -3*y. Let i(z) = z**2 - 9*z + 7. Calculate i(v).
-13
Let g be (-8)/(-36) + (-16)/(-9). Suppose 0 = -m + g*l + 3, 2*l + l + 15 = -2*m. Let u(w) = -4*w - 1. What is u(m)?
11
Suppose 6 = j - 1. Let k = 7 - j. Let n(h) = h**2 + 4. Give n(k).
4
Let m(c) = 5*c**3 + c**2 - 2*c + 1. Let b(k) = -k**2 - 3*k + 0*k**2 + 10*k. Let q be b(7). Let f = 1 + q. Determine m(f).
5
Let n = -4 - -3. Let l be n*1*(2 - 2). Let z(y) = y + l*y**2 + 8 - 2 + y**2 + 2 - y**3. What is z(0)?
8
Let g(i) = i**3 + 6*i**2 - 8*i - 5. Let q(b) = -b**2 + b + 1. Let r(m) = g(m) + 4*q(m). Suppose 0 = -o - 2*o + 9. Suppose -h + 0 - o = 0. Give r(h).
2
Let c(k) be the first derivative of k + 1/2*k**2 - 3 + 1/3*k**3. Let j(h) = -h**2 - 4*h - 4. Let y be j(-3). Give c(y).
1
Let c(i) = -i**2 + i + 4. Let u be c(4). Let a = 5 + u. Let j(m) = m + 4. Determine j(a).
1
Suppose -d - 4 = -6. Suppose d = -3*w - 13. Let j(b) = b**3 + 5*b**2 - 2*b - 5. What is j(w)?
5
Let g(h) = -1 - 4 - 2*h - h**2 - 6 + h**3 + 10*h**2. Let p be g(-9). Let o(x) = x**2 - 7*x - 4. What is o(p)?
-4
Let q(s) = s + 1. Suppose 0*o - 4*o = 12, 3*o + 7 = -b. Suppose -i = b*i. Determine q(i).
1
Let w(v) = -9*v - 14. Let u(a) = -4*a - 7. Let g(l) = -5*u(l) + 2*w(l). Let d be g(-5). Let i(r) = -r + 1. Give i(d).
4
Let d(t) = 0*t**2 + 12 + t**2 + 6*t - 6. Suppose -c = 4*c + 10, 14 = -m - 5*c. Determine d(m).
-2
Let d be (-3 - -1) + (0 - -7). Let x(a) = 5 - 10*a - 3*a + 12*a. What is x(d)?
0
Let z(f) = -9 + 3*f**2 - 2*f**2 + 5 + 0*f - f. What is z(3)?
2
Suppose 2*c - 5 = -3*u, -3*c - 2*c + 2*u = -60. Let d be (6/(-10))/(2/c). Let v(j) = j**2 + 4*j + 2. What is v(d)?
-1
Suppose 2 = 3*l + 2*l + 2*t, l + 14 = -4*t. Let f(k) = -4*k - l*k + 0 - 4 + 7*k. What is f(0)?
-4
Suppose -5*m = -2*z + 35, 5*z - 4*m - 26 = 19. Let b(d) = 2*d**3 - 4*d**2 + 2. Let k be b(2). Let a(p) = k + 0 + 0*p**2 - 1 + p**2 